 o = f - -173. Calculate the highest common divisor of o and 188.
47
Let y = -63 - -426. Suppose 17*p - 99 + 1232 = 120*p. What is the greatest common factor of y and p?
11
Let b(v) = v**2 - 2*v + 1 + 4*v**3 - 1 - 3. Let g be b(3). Suppose -38*q + 40*q - 18 = -2*p, -24 = -3*p - 2*q. What is the greatest common factor of g and p?
6
Let t(g) = -209*g + 1769. Let s be t(7). Calculate the highest common divisor of 36 and s.
18
Suppose 0 = -212*q + 18633 + 20799. What is the highest common divisor of 15438 and q?
186
Let j(v) = -29*v - 193. Let x(l) = 115*l + 770. Let k(o) = -22*j(o) - 6*x(o). Let i be k(-11). Calculate the greatest common divisor of i and 231.
33
Let j be 1*(1 + -1 - -2). Let y be (1/(-6))/(56/168)*0. Suppose c + y + 1 = j*s, -c + 4*s - 11 = 0. What is the greatest common factor of c and 72?
9
Suppose 2*k = k + 49. Let b = 11741 - 11727. Calculate the highest common divisor of b and k.
7
Let q be 13683/18 + 1 + 2 + (-339)/2034. Calculate the highest common divisor of 119 and q.
7
Suppose -7*k + 2906 = 351. Suppose 91 = t + f, -13*t - k = -17*t - 5*f. Calculate the highest common factor of t and 30.
30
Let l = -148 + 158. What is the greatest common divisor of 80 and l?
10
Let f = 233 - 8. Let w = -161 + f. What is the greatest common factor of 112 and w?
16
Suppose 5*r - 32 = -22. Suppose r*t + 37 = 87. Calculate the greatest common factor of t and 400.
25
Let p(h) = h**2 + h - 132. Let s be p(11). Let v(r) = r**2 + 3*r**2 - r - 5*r**2 + 45. Let y be v(s). What is the greatest common divisor of 5 and y?
5
Let d be -1*2970/12*(-32)/20. Let t = -171 + d. Let c(b) = 2*b**2 + b + 4. Let a be c(3). Calculate the highest common divisor of t and a.
25
Let s = -65 - -63. Let x be 8 + 223/(-2) + 1/s. Let f = x + 174. What is the highest common divisor of 10 and f?
10
Suppose -c + 10 - 30 = 0. Let d be (100/c)/(-1 - 8/(-10)). What is the greatest common factor of d and 225?
25
Let j(q) = q**3 + 79*q**2 - 163*q + 8. Let p be j(-81). What is the highest common factor of p and 178?
89
Suppose -4*k - 26 = -z + k, -4*k = -3*z + 56. Suppose -3*g - 16*c + 14*c + 22 = 0, -4*g + 4*c = -z. Calculate the highest common divisor of g and 28.
2
Let a(g) = 457*g - 7. Let m be a(1). Suppose 0 = 5*j - 4*j - 3*t - 453, j = 4*t + m. What is the highest common factor of 21 and j?
21
Let t = 54 + -55. Let n(g) be the second derivative of 13*g**4/6 + g**3/6 - g**2/2 - 3*g. Let z be n(t). What is the highest common divisor of 96 and z?
24
Let q be 3*500/(-45)*144/10. Suppose -5*k = 1067 + 343. Let y = k - q. Calculate the greatest common factor of 18 and y.
18
Let v(d) = -d + 53. Let j be v(6). Let t(u) = -2*u**2 + 96*u + 153. Let f be t(j). What is the highest common factor of 13 and f?
13
Let k(l) = -22*l - 75. Let p be k(-4). Suppose 7*h + p*h - 260 = 0. Calculate the greatest common divisor of 403 and h.
13
Suppose 5*z = -3*l + 1311, -1258 + 217 = -4*z - 5*l. What is the highest common factor of 561 and z?
33
Let m = 425 - -3200. Calculate the highest common factor of 125 and m.
125
Suppose -16*c + 6*c = 2*c - 648. What is the highest common divisor of 1746 and c?
18
Suppose -2*d = -14*d + 3948. Let o = d + -229. Calculate the highest common factor of 25 and o.
25
Let w = 123 + -75. Let i be 244/24 - 2/12. Let k be 10/25 + 56/i. What is the highest common divisor of w and k?
6
Let q(j) = 10*j**2 + 25*j + 34. Let y be q(-2). Calculate the highest common factor of 56 and y.
8
Suppose -13*o = -12*o - 80. Let i = o + -66. What is the greatest common factor of 672 and i?
14
Suppose -86*j + 40987 - 38665 = 0. Let x(a) = a**3 + 7*a**2 - 2*a + 7. Let p be x(5). Calculate the greatest common divisor of p and j.
27
Let f = -18 + 24. Let q be (f - 0)*(-78)/(-9). Suppose 0 = 4*n - q - 16. Calculate the greatest common factor of 85 and n.
17
Suppose 30 = 5*j + 4*o - 15, -15 = 3*o. Let x be ((-2)/3)/(j/(-663)). Calculate the highest common divisor of 68 and x.
34
Let d = 537 - 529. Let w(c) = 2*c**2 - 13*c - 12. Let n be w(d). Let f(u) = u**2 + 4*u - 3. Let k be f(3). What is the greatest common factor of k and n?
6
Let u(x) = 3*x**2 - 12*x - 15. Let g be u(-10). Let t(p) = -p**2 + 12*p + 10. Let k = 165 + -158. Let o be t(k). What is the highest common factor of o and g?
45
Let r be 40/(1/(5/2)). Let j(y) = 14*y**2 + 31*y + 42. Let g be j(-3). What is the greatest common factor of g and r?
25
Suppose b + 200*u - 80 = 201*u, -5*u - 318 = -4*b. Calculate the greatest common divisor of 10537 and b.
41
Let u be (-5 + -5 + 48)/2. Suppose 0 = -4*c - c - 3*s + 1793, c - 3*s - 373 = 0. Calculate the highest common divisor of u and c.
19
Suppose 0 = -222*b + 179*b + 40635. Calculate the greatest common divisor of b and 3915.
135
Let w = 205 - 115. Suppose -15*m + 1365 = -3*m - 255. What is the greatest common factor of w and m?
45
Suppose -12*p + 195 = -7*p. Let c be ((-7 - -1) + 8)*(-65)/(-10). Calculate the greatest common divisor of p and c.
13
Let o(j) = -7*j + 6. Let y be o(-7). Suppose -2*k - 21 = -y. Let q = 533 + -499. Calculate the highest common divisor of q and k.
17
Suppose -72*s + 23280 = -57*s + 9090. What is the highest common factor of 774 and s?
86
Let z(g) = 19 + 15*g**2 - g + 23 + 3*g - g**3 - 4*g. Let j be z(15). What is the greatest common factor of 30 and j?
6
Let q(z) = 140*z - 4309. Let g be q(38). Calculate the greatest common factor of 6 and g.
3
Let u be -3 + 24*(-10905)/(-30). What is the greatest common factor of u and 102?
51
Suppose 3*x - 913 = -385*s + 386*s, 0 = -2*x - 5*s + 637. Calculate the greatest common factor of x and 18.
18
Suppose 2344 + 156 = -25*v. Let u be ((-108)/(-15))/((-6)/v). What is the greatest common divisor of 72 and u?
24
Let l(s) = 7*s - 1. Let g(i) = 2*i - 1. Let b(z) = -3*g(z) + l(z). Let j be b(8). Suppose -5 - 195 = -5*h. What is the highest common divisor of j and h?
10
Let v(f) = 4*f - 1 - f**2 + 16 + 0 + 7. Let q be v(9). Let u = -14 - q. What is the greatest common divisor of 63 and u?
9
Suppose 2643 = -4*m + 43. Let w = -317 - m. Calculate the highest common divisor of w and 9.
9
Suppose 49 - 32 = -2*b + 19*b. Let o(z) = -16*z - 2. Let k be o(-2). What is the greatest common divisor of b and k?
1
Suppose -f + 61 = -2. Let a = 23471 - 23429. What is the greatest common factor of f and a?
21
Let l be ((-584)/12)/(2/3). Let k = l - -265. What is the highest common factor of 24 and k?
24
Let n = 37 + 11. Let x be -16*8*(-6)/32. What is the highest common factor of n and x?
24
Let x = -5315 + 5387. What is the highest common divisor of 333 and x?
9
Let s(i) = 119*i - 1932. Let h be s(22). What is the highest common factor of 168 and h?
14
Suppose 223 = -2*v + 33. Let u = 45 - v. Let t be (-12)/54 + 254/9. Calculate the highest common factor of t and u.
28
Let i = -4117 - -4152. What is the greatest common divisor of i and 115?
5
Let o be 524*7/28 - 5. Calculate the highest common divisor of 3258 and o.
18
Suppose 0 = -3*j - 5*l + 823, 3*j = 2*l + 592 + 238. Calculate the greatest common factor of j and 48.
12
Let a be 1/(((-2)/(-24))/(9/36)). Suppose 2*h - a*h - 4*q + 29 = 0, h - 4 = q. Calculate the highest common factor of 81 and h.
9
Suppose -2*d - 2*q + 84 = 0, d - 2*q = -59 + 95. Calculate the greatest common factor of 95 and d.
5
Let f = 131 - 17. Let d be f/(-4)*-2 + -1. Let c = -38 + d. What is the highest common divisor of c and 24?
6
Let f(y) = 63*y + 213. Let b be f(-2). Suppose -5*d = -18 - 127. Calculate the highest common divisor of b and d.
29
Let i(p) = 11*p + 48. Let h be i(0). Let q = h - 44. What is the highest common divisor of q and 8?
4
Let x(j) = 710*j**2 + 17*j + 45. Let l be x(5). What is the highest common factor of 40 and l?
40
Let a be (1 - 1 - (-4 - -3))/((-85)/(-98005)). Calculate the highest common factor of a and 1.
1
Suppose 2*i + 312 + 354 = 0. Let d be 1360/18 - 148/i. Calculate the highest common divisor of 532 and d.
76
Let u(q) = 3*q + 88. Let w be u(-28). Suppose 3*p + 4 = g + p, 0 = w*p - 20. What is the highest common factor of g and 154?
14
Suppose 3*s - x + 50 = 0, -2*s - 2*x - 44 = s. Let v = -2 - s. Let u = 496385 + -496294. What is the greatest common factor of u and v?
7
Suppose 4*p + 4*q = 0, 5*q + 28 = 3*p + q. Suppose 0 = -123*t + 2730 + 714. Calculate the greatest co